{"id":15487,"date":"2022-06-15T07:43:14","date_gmt":"2022-06-15T07:43:14","guid":{"rendered":"https:\/\/gruppoanziani.it\/?page_id=15487"},"modified":"2022-06-16T09:06:37","modified_gmt":"2022-06-16T09:06:37","slug":"portale-pensionati","status":"publish","type":"page","link":"https:\/\/gruppoanziani.it\/index.php\/portale-pensionati\/","title":{"rendered":"Portale pensionati"},"content":{"rendered":"<p>[vc_row][vc_column][vc_empty_space][vc_tour interval=&#8221;0&#8243;][vc_tab title=&#8221;Portale Pensionati&#8221; tab_id=&#8221;1653729375398-2-1&#8243;][vc_column_text]Vi comunichiamo che \u00e8 attivo il numero verde <strong>800.300.645<\/strong> <strong>dedicato<\/strong> ai pensionati e\/o fondisti che devono effettuare il primo accesso al portale pensionati o che hanno problemi sul reset della password.<\/p>\n<p>Il servizio \u00e8 attivo dal luned\u00ec al gioved\u00ec dalle 9.00 alle 12,30 dalle 14.30 alle 17.00 &#8211; venerd\u00ec dalle 9.00 alle 12.30<\/p>\n<p><strong><u>NON<\/u><\/strong><u> si dovr\u00e0, quindi, pi\u00f9 scrivere alla casella di posta <\/u><a href=\"mailto:%22polizze.pensionati@allianz.it%22\">&#8220;polizze.pensionati@allianz.it&#8221;<\/a>[\/vc_column_text][vc_empty_space height=&#8221;50px&#8221;][vc_btn title=&#8221;Accedi&#8221; style=&#8221;outline-custom&#8221; outline_custom_color=&#8221;#2d467b&#8221; outline_custom_hover_background=&#8221;#2d467b&#8221; outline_custom_hover_text=&#8221;#ffffff&#8221; align=&#8221;left&#8221; css_animation=&#8221;fadeInUp&#8221; smooth_scroll=&#8221;true&#8221; link=&#8221;url:https%3A%2F%2Fpensionatiaz.allianz.it%2FconnectLocalExtension%2Fhomepage%2FPensionati|target:_blank&#8221;][\/vc_tab][\/vc_tour][vc_empty_space][\/vc_column][\/vc_row][vc_row][vc_column][vc_empty_space height=&#8221;50px&#8221;][\/vc_column][\/vc_row]<\/p>\n","protected":false},"excerpt":{"rendered":"<p>[vc_row][vc_column][vc_empty_space][vc_tour interval=&#8221;0&#8243;][vc_tab title=&#8221;Portale Pensionati&#8221; tab_id=&#8221;1653729375398-2-1&#8243;][vc_column_text]Vi comunichiamo che \u00e8 attivo il numero verde 800.300.645 dedicato ai pensionati e\/o fondisti che devono effettuare il primo accesso al portale pensionati o che hanno problemi sul reset della password. Il servizio \u00e8 attivo dal luned\u00ec al gioved\u00ec dalle 9.00 alle 12,30 dalle 14.30 alle 17.00 &#8211; venerd\u00ec dalle 9.00&hellip;<\/p>\n","protected":false},"author":1,"featured_media":0,"parent":0,"menu_order":0,"comment_status":"closed","ping_status":"closed","template":"","meta":{"footnotes":""},"class_list":["post-15487","page","type-page","status-publish","hentry","description-off"],"acf":[],"_links":{"self":[{"href":"https:\/\/gruppoanziani.it\/index.php\/wp-json\/wp\/v2\/pages\/15487","targetHints":{"allow":["GET"]}}],"collection":[{"href":"https:\/\/gruppoanziani.it\/index.php\/wp-json\/wp\/v2\/pages"}],"about":[{"href":"https:\/\/gruppoanziani.it\/index.php\/wp-json\/wp\/v2\/types\/page"}],"author":[{"embeddable":true,"href":"https:\/\/gruppoanziani.it\/index.php\/wp-json\/wp\/v2\/users\/1"}],"replies":[{"embeddable":true,"href":"https:\/\/gruppoanziani.it\/index.php\/wp-json\/wp\/v2\/comments?post=15487"}],"version-history":[{"count":3,"href":"https:\/\/gruppoanziani.it\/index.php\/wp-json\/wp\/v2\/pages\/15487\/revisions"}],"predecessor-version":[{"id":15528,"href":"https:\/\/gruppoanziani.it\/index.php\/wp-json\/wp\/v2\/pages\/15487\/revisions\/15528"}],"wp:attachment":[{"href":"https:\/\/gruppoanziani.it\/index.php\/wp-json\/wp\/v2\/media?parent=15487"}],"curies":[{"name":"wp","href":"https:\/\/api.w.org\/{rel}","templated":true}]}}